r of m and 22.
22
Let c(z) = -57*z - 2. Let k be c(-1). Calculate the greatest common factor of k and 22.
11
Let c = 16 + 6. Calculate the greatest common factor of 11 and c.
11
Let b be (8/4 + -4)/(4/(-34)). What is the greatest common divisor of b and 289?
17
Let f(q) = q + 4. Let n be f(6). Calculate the highest common factor of 4 and n.
2
Let l(n) = n**3 - 2*n**2 - 5*n + 4. Let m be l(4). Let h be 146/6 - 3/9. Calculate the greatest common factor of m and h.
8
Suppose -c + 19 = 1. Suppose -c + 8 = 5*r. Let t be 26/(-6)*(r + -4). What is the greatest common factor of t and 39?
13
Let z(t) = t**2 - 2*t - 4. Let x be z(-4). What is the greatest common divisor of 60 and x?
20
Let y = 2 - -9. What is the greatest common divisor of y and 99?
11
Let g(l) = l**2 + 3*l + 2. Let h be g(-2). Suppose w - 110 = -h*w. Calculate the greatest common divisor of w and 22.
22
Suppose 4*d - 465 = 1511. Let i be (d/(-39))/(4/(-54)). What is the highest common divisor of i and 19?
19
Suppose 0 = 3*a + 5*q - 28, q - 15 = -5*a - q. Let g be (a - -2) + -9 + 20. What is the greatest common divisor of 70 and g?
14
Let n be -24*6/(-16)*2. Suppose 5*w - 51 = 3*p, 15 = -0*p + 5*p. Calculate the highest common factor of n and w.
6
Let l(o) = -276*o - 1. Let s be l(-1). What is the highest common factor of 25 and s?
25
Let m = 47 - 33. Suppose 10 = 2*b - 4*u - 12, -2*u + m = 4*b. Let s be 1*(0 - (1 + -3)). Calculate the greatest common divisor of b and s.
1
Suppose 0*s + 4*s = 32. Let g = 11 - s. Calculate the greatest common factor of g and 33.
3
Let n be (2 + -3)/((-3)/(-9)). Let v be 12 - 4/(n + 1). What is the highest common divisor of v and 42?
14
Suppose 572 = -17*z + 28*z. Calculate the greatest common factor of 208 and z.
52
Suppose 448 = 2*m - 24. Suppose -31 = -3*c + 4*d + 217, -3*c = 2*d - m. Let x = -14 + c. Calculate the highest common factor of 6 and x.
6
Let m(w) = -w**2 + w + 11. Let p be m(0). Let h(b) = -b + 7. Let v be h(-4). What is the highest common divisor of p and v?
11
Let w = -5 - -3. Let d(v) = -5*v + 1. Let n be d(w). What is the greatest common factor of 77 and n?
11
Suppose -16 = -0*m - 4*m. Suppose -m*k - 120 = -4*w - 0*k, -5*k = -2*w + 60. What is the highest common divisor of 75 and w?
15
Suppose -18*u + 160 = -10*u. Calculate the greatest common divisor of u and 10.
10
Suppose 3*q + 0*q + 6 = 0. Let r be 1 + -2 + 5 - 1. Let a = r - q. Calculate the greatest common factor of a and 45.
5
Let k = 3 + 77. Let q be (-6)/(-4)*k/12. Calculate the highest common divisor of 40 and q.
10
Let j be (-1)/((-2)/((-132)/(-2))). Let p = 4 - -7. Calculate the highest common factor of j and p.
11
Suppose -q + 8 = -2. Let r(w) = -w - 4. Let y be r(0). Let d be 15*15*y/(-18). Calculate the greatest common factor of d and q.
10
Let s = 124 + -89. Let z(n) = -11*n - 48. Let j be z(-5). What is the highest common factor of j and s?
7
Let d(q) = 2*q + 3. Let w be d(-4). Let o = 6 + w. Let j be 3 - (-3 - (-3)/o). Calculate the greatest common factor of 3 and j.
3
Let h be -5*((-21)/(-15) - 4). Let a = 88 + -23. What is the highest common factor of a and h?
13
Let y be 35/(-14)*(0 + 248/(-10)). Calculate the greatest common factor of 31 and y.
31
Let w(j) = -j - 8*j + j - 18*j. Let l be w(-4). Let o(k) = -k**3 + k + 13. Let x be o(0). What is the highest common factor of l and x?
13
Let b = -3 + 1. Let y be (-23)/b*(2 + 0). Calculate the greatest common divisor of y and 161.
23
Let s = -5 - -8. Suppose -80 = -2*i - s*i. Calculate the highest common factor of i and 32.
16
Suppose -8 = -3*t + 1. Suppose 4 = 3*x - 2. Suppose t*n = 0, 4*s + x*n - 3*n - 12 = 0. What is the greatest common factor of s and 2?
1
Suppose -2*q - q + 4*h + 8 = 0, 4*q - 14 = 2*h. Suppose 5*i = 6*r - r + 165, -3*i + 4*r + 96 = 0. What is the greatest common factor of q and i?
4
Suppose 0 = -4*r - 3*z + 825, 2*r - 2*z - 430 = -0*z. Let t = -133 + r. Let l be 43/4 - (-1)/4. Calculate the highest common factor of t and l.
11
Let s(n) = -n**3 + 11*n**2 + 3*n + 23. Let j be s(11). Let t(u) = -6*u - 4. Let f be t(-3). Calculate the greatest common divisor of j and f.
14
Let j(k) = 8*k - 17. Let b be j(3). Let p = 64 + 13. Calculate the highest common divisor of b and p.
7
Let h(v) = v**2 + v. Let t be h(2). Calculate the highest common divisor of 42 and t.
6
Let n(w) be the first derivative of w**3/3 - w**2/2 + 144*w - 3. Let f be n(0). Calculate the highest common divisor of f and 18.
18
Suppose -v + 37 + 0 = 4*z, -3*z = -5*v - 45. What is the highest common divisor of z and 40?
10
Let r(h) = 4*h**2 - 3*h - 2. Let s be r(4). Suppose -6 = -n - 0*n. Let j be (-60)/(n/(-2)) + 0. What is the highest common divisor of s and j?
10
Let l(k) = k**3 + 4*k**2 - 3*k + 5. Let v be l(-4). Suppose 2*p = -0*p + 726. Let u be (68/6)/(22/p). What is the greatest common divisor of v and u?
17
Let c(d) = d + 1. Let l be c(5). Let q be 12/l - (1 - 37). What is the highest common factor of q and 57?
19
Suppose -z - 2*z + 305 = 4*u, -4*z + 392 = -2*u. Suppose 2*q + q = z. What is the highest common factor of 11 and q?
11
Suppose 5*l = 0, -y - l + 0*l + 54 = 0. Calculate the greatest common factor of 6 and y.
6
Let a = -16 + 29. What is the greatest common factor of a and 91?
13
Let u be (2 - 1)*30 - 2. What is the greatest common divisor of u and 224?
28
Let a = 4 + -4. Let d be (-5)/(a - (-2)/(-14)). Calculate the greatest common factor of d and 7.
7
Suppose 40 + 24 = 4*g. What is the greatest common factor of g and 176?
16
Let i(a) = -4*a - 6. Suppose r + 4*r + 5*d = -5, 16 = -r + 4*d. Let o be i(r). Suppose u - 80 = -o. What is the greatest common divisor of 10 and u?
10
Let g be (-3)/5 + 69*(-2)/(-30). Calculate the highest common divisor of g and 12.
4
Let b be (-1)/(-4) - 54/(-8). Suppose l + y = 1, -3*y = -2*l + 17 + 5. Suppose 0 = -l*i + b + 8. What is the highest common factor of i and 3?
3
Let t be 2/((-2)/(-3)) + 4. Let g = 12 - 18. Let q = t + g. What is the greatest common factor of q and 5?
1
Suppose 0 = 7*b - 2*b - 20. Suppose 22 = b*q - 10. Let l = -2 + 18. What is the highest common divisor of l and q?
8
Suppose -3*y = -6*y + 69. What is the greatest common divisor of y and 253?
23
Let a(s) = s**3 + 3*s**2 + 3*s + 2. Let f be a(-2). Suppose f = t + 3*t - 8. Calculate the highest common factor of 8 and t.
2
Suppose -z = -4*z - 9. Let m(x) = -x**3 + 4*x**2 + 3*x - 4. Let g be m(z). Let o = g + -34. Calculate the greatest common divisor of 8 and o.
8
Let z(f) = f**3 - 6*f**2 + f - 1. Let i = 2 - -4. Let o be z(i). Suppose -17 = -3*l - o. Calculate the greatest common divisor of l and 2.
2
Let b = 7 + 26. Suppose -5*k = -72 - b. What is the highest common factor of k and 7?
7
Let m = 60 - 24. Suppose 5*i + m = 3*j - 0*j, -i + 25 = 4*j. What is the highest common factor of 77 and j?
7
Suppose 0*u = 2*u - 2. Calculate the highest common factor of u and 1.
1
Let g = 32 - 23. What is the greatest common divisor of g and 27?
9
Let f(a) = -a - 10. Let h be f(-6). Let s = h - -8. Suppose 60 = -p + s*p. What is the highest common factor of p and 10?
10
Let d(s) = 16*s - 6. Let h be d(2). Calculate the highest common divisor of 13 and h.
13
Let a(k) = k + 1. Let r be a(-2). Let j be 7 - 6 - 2/r. Calculate the greatest common factor of 27 and j.
3
Let a(m) = m**2 + 4*m + 35. Let l be a(7). Calculate the highest common factor of l and 7.
7
Let q = -13 - -28. Suppose -5 = -2*a + 15. Calculate the greatest common factor of q and a.
5
Let n(l) = -l - 1. Let t be n(-4). Let y = 52 - 30. Suppose -2*q - y = -r + 3*q, 5*q + 106 = t*r. What is the greatest common divisor of r and 21?
21
Suppose 3*r = -5*o + 143, 2*r + o - 219 = -2*r. Calculate the greatest common divisor of r and 8.
8
Let y(u) = 2*u - 13. Let t be y(10). Suppose 5*o - 2*d + t*d = 45, -d + 45 = 4*o. Calculate the highest common divisor of 36 and o.
12
Let j(y) = -y**3 - 4*y**2 + y - 1. Let a be j(-5). Suppose -2*u - 380 = -7*u. What is the greatest common divisor of u and a?
19
Let a = -7 - -12. Let v(j) = -3 - 2 + 4 + a*j. Let m be v(1). Calculate the highest common divisor of 44 and m.
4
Let u(x) be the first derivative of x**3/3 - x**2/2 - 2*x + 3. Let m be u(-3). Calculate the greatest common factor of m and 110.
10
Let t = 79 + -67. Let f = 10 - 7. 